{"id":26,"date":"2025-04-05T13:17:07","date_gmt":"2025-04-05T11:17:07","guid":{"rendered":"https:\/\/cultur-moderne.com\/?page_id=26"},"modified":"2025-07-06T10:49:21","modified_gmt":"2025-07-06T08:49:21","slug":"decoupe-plasma","status":"publish","type":"page","link":"https:\/\/cultur-moderne.com\/?page_id=26","title":{"rendered":"D\u00e9coupe Plasma"},"content":{"rendered":"\n<div class=\"wp-block-group alignfull has-accent-2-background-color has-background has-global-padding is-layout-constrained wp-container-core-group-is-layout-1 wp-block-group-is-layout-constrained\" style=\"margin-top:0;margin-bottom:0;padding-top:var(--wp--preset--spacing--50);padding-right:var(--wp--preset--spacing--50);padding-bottom:var(--wp--preset--spacing--50);padding-left:var(--wp--preset--spacing--50)\">\n<div class=\"wp-block-columns alignwide is-layout-flex wp-container-core-columns-is-layout-1 wp-block-columns-is-layout-flex\">\n<div class=\"wp-block-column is-layout-flow wp-block-column-is-layout-flow\" style=\"flex-basis:40%\">\n<p class=\"wp-container-content-1\"><strong><em>D\u00e9coupe Plasma<\/em><\/strong><\/p>\n<\/div>\n\n\n\n<div class=\"wp-block-column is-layout-flow wp-block-column-is-layout-flow\" style=\"flex-basis:60%\">\n<p class=\"has-heading-font-family has-x-large-font-size\" style=\"line-height:1.2\"><strong>D\u00e9coupe Plasma \u2013 Pr\u00e9cision et performance sur m\u00e9tal<\/strong><\/p>\n\n\n\n<p>Chez <strong>Cultur Moderne<\/strong> du Richelais, nous mettons la <strong>technologie de d\u00e9coupe plasma<\/strong> au service de vos projets m\u00e9talliques, avec une pr\u00e9cision in\u00e9gal\u00e9e et une grande libert\u00e9 de cr\u00e9ation.<\/p>\n\n\n\n<p>Situ\u00e9 \u00e0 <strong>Faye-la-Vineuse (Indre-et-Loire)<\/strong>, notre atelier est \u00e9quip\u00e9 pour r\u00e9aliser des <strong>d\u00e9coupes sur mesure dans l\u2019acier, l\u2019inox, l\u2019aluminium<\/strong> et autres m\u00e9taux. Que vous soyez <strong>particulier, artisan, architecte ou industriel<\/strong>, nous r\u00e9pondons \u00e0 vos besoins avec rapidit\u00e9, fiabilit\u00e9 et finitions de qualit\u00e9.<\/p>\n<\/div>\n<\/div>\n\n\n\n<div style=\"height:var(--wp--preset--spacing--40)\" aria-hidden=\"true\" class=\"wp-block-spacer\"><\/div>\n\n\n\n<figure class=\"wp-block-image alignwide size-large is-style-rounded is-style-rounded--1\"><img fetchpriority=\"high\" width=\"1024\" height=\"683\"  alt=\"\" class=\"wp-image-241 lws-optimize-lazyload\"\/ data-src=\"https:\/\/cultur-moderne.com\/wp-content\/uploads\/2025\/06\/coupeur-de-plasma-moderne-professionnel-sur-une-usine-de-metal-1024x683.jpg\" srcset=\"https:\/\/cultur-moderne.com\/wp-content\/uploads\/2025\/06\/coupeur-de-plasma-moderne-professionnel-sur-une-usine-de-metal-1024x683.jpg 1024w, https:\/\/cultur-moderne.com\/wp-content\/uploads\/2025\/06\/coupeur-de-plasma-moderne-professionnel-sur-une-usine-de-metal-300x200.jpg 300w, https:\/\/cultur-moderne.com\/wp-content\/uploads\/2025\/06\/coupeur-de-plasma-moderne-professionnel-sur-une-usine-de-metal-768x512.jpg 768w, https:\/\/cultur-moderne.com\/wp-content\/uploads\/2025\/06\/coupeur-de-plasma-moderne-professionnel-sur-une-usine-de-metal-1536x1024.jpg 1536w, https:\/\/cultur-moderne.com\/wp-content\/uploads\/2025\/06\/coupeur-de-plasma-moderne-professionnel-sur-une-usine-de-metal-2048x1366.jpg 2048w\" sizes=\"(max-width: 1024px) 100vw, 1024px\" \/><figcaption class=\"wp-element-caption\">Front view of professional modern plasma cutter on metal factory. Automated machinery in process of cutting sheets and manufacturing. Concept of technology and engineering.<\/figcaption><\/figure>\n<\/div>\n\n\n\n<div class=\"wp-block-group alignfull has-base-background-color has-background has-global-padding is-layout-constrained wp-container-core-group-is-layout-2 wp-block-group-is-layout-constrained\" style=\"margin-top:0;margin-bottom:0;padding-top:var(--wp--preset--spacing--50);padding-right:var(--wp--preset--spacing--50);padding-bottom:var(--wp--preset--spacing--50);padding-left:var(--wp--preset--spacing--50)\">\n<div class=\"wp-block-columns alignwide is-layout-flex wp-container-core-columns-is-layout-3 wp-block-columns-is-layout-flex\">\n<div class=\"wp-block-column has-global-padding is-content-justification-left is-layout-constrained wp-container-core-column-is-layout-3 wp-block-column-is-layout-constrained\" style=\"flex-basis:40%\">\n<p><strong>D\u00e9coupe Plasma \u00e0 la demande.<\/strong><\/p>\n<\/div>\n\n\n\n<div class=\"wp-block-column is-layout-flow wp-container-core-column-is-layout-6 wp-block-column-is-layout-flow\" style=\"flex-basis:60%\">\n<p class=\"has-heading-font-family has-x-large-font-size\" style=\"line-height:1.2\"><strong>Vos id\u00e9es prennent forme dans le m\u00e9tal<\/strong><br>Faites appel \u00e0 <strong>Cultur&rsquo;Moderne<\/strong> du Richelais pour donner vie \u00e0 vos projets avec <strong>pr\u00e9cision, durabilit\u00e9 et esth\u00e9tisme<\/strong>.<\/p>\n\n\n\n<div class=\"wp-block-columns is-layout-flex wp-container-core-columns-is-layout-2 wp-block-columns-is-layout-flex\">\n<div class=\"wp-block-column is-layout-flow wp-block-column-is-layout-flow\">\n<p class=\"wp-container-content-2\">\ud83d\udd29 <strong>Nos services de d\u00e9coupe plasma<\/strong> :<\/p>\n\n\n\n<p class=\"wp-container-content-3\">Petites et moyennes s\u00e9ries ou pi\u00e8ces unitaires<\/p>\n\n\n\n<p>D\u00e9coupe de pi\u00e8ces techniques et de structures m\u00e9talliques<\/p>\n\n\n\n<p>Fabrication de lettrages, motifs d\u00e9coratifs ou enseignes<\/p>\n\n\n\n<p>Cr\u00e9ation de panneaux, plaques signal\u00e9tiques ou artistiques<\/p>\n<\/div>\n\n\n\n<div class=\"wp-block-column is-layout-flow wp-block-column-is-layout-flow\">\n<p>\ud83c\udfa8 <strong>Une technologie au service de la cr\u00e9ativit\u00e9<\/strong><br>La d\u00e9coupe plasma permet de conjuguer finesse, puissance et rapidit\u00e9 d\u2019ex\u00e9cution, pour des r\u00e9sultats nets et personnalisables. Elle s\u2019int\u00e8gre parfaitement \u00e0 notre approche artisanale moderne et \u00e0 nos travaux de ferronnerie.<\/p>\n<\/div>\n<\/div>\n<\/div>\n<\/div>\n<\/div>\n\n\n\n<div class=\"wp-block-cover alignfull has-parallax\" style=\"padding-top:var(--wp--preset--spacing--50);padding-right:var(--wp--preset--spacing--50);padding-bottom:var(--wp--preset--spacing--50);padding-left:var(--wp--preset--spacing--50);min-height:100vh;aspect-ratio:unset;\"><span aria-hidden=\"true\" class=\"wp-block-cover__background has-base-background-color has-background-dim-0 has-background-dim\"><\/span><div class=\"wp-block-cover__image-background wp-image-242 has-parallax\" style=\"background-position:50% 50%;background-image:url(https:\/\/cultur-moderne.com\/wp-content\/uploads\/2025\/06\/decoupe-plasma-garde-au-corps.jpg)\"><\/div><div class=\"wp-block-cover__inner-container has-global-padding is-layout-constrained wp-container-core-cover-is-layout-1 wp-block-cover-is-layout-constrained\">\n<div style=\"height:500px\" aria-hidden=\"true\" class=\"wp-block-spacer\"><\/div>\n<\/div><\/div>\n\n\n\n<div class=\"wp-block-group alignfull has-base-2-background-color has-background has-global-padding is-layout-constrained wp-container-core-group-is-layout-4 wp-block-group-is-layout-constrained\" style=\"margin-top:0;margin-bottom:0;padding-top:var(--wp--preset--spacing--60);padding-right:var(--wp--preset--spacing--60);padding-bottom:var(--wp--preset--spacing--60);padding-left:var(--wp--preset--spacing--60)\">\n<div class=\"wp-block-group alignwide is-layout-flow wp-block-group-is-layout-flow\">\n<div style=\"height:var(--wp--preset--spacing--50)\" aria-hidden=\"true\" class=\"wp-block-spacer\"><\/div>\n\n\n\n<p class=\"has-text-align-center has-heading-font-family has-x-large-font-size\" style=\"font-style:normal;font-weight:400;line-height:1.2\"><strong>Vos id\u00e9es prennent forme dans le m\u00e9tal<\/strong><br>Faites appel \u00e0 <a href=\"https:\/\/cultur-moderne.com\/?page_id=189\" data-type=\"page\" data-id=\"189\"><strong>Cultur&rsquo;Moderne<\/strong> du Richelais<\/a> pour donner vie \u00e0 vos projets avec <strong>pr\u00e9cision, durabilit\u00e9 et esth\u00e9tisme<\/strong>.<\/p>\n\n\n\n<div style=\"height:var(--wp--preset--spacing--50)\" aria-hidden=\"true\" class=\"wp-block-spacer\"><\/div>\n<\/div>\n<\/div>\n\n\n\n<div class=\"wp-block-group alignfull has-base-2-color has-contrast-background-color has-text-color has-background has-link-color wp-elements-ee0afb4414055208304753fe3cf3d51c has-global-padding is-layout-constrained wp-container-core-group-is-layout-8 wp-block-group-is-layout-constrained\" style=\"margin-top:0;margin-bottom:0;padding-top:var(--wp--preset--spacing--50);padding-right:var(--wp--preset--spacing--50);padding-bottom:var(--wp--preset--spacing--50);padding-left:var(--wp--preset--spacing--50)\">\n<div class=\"wp-block-columns alignwide is-layout-flex wp-container-core-columns-is-layout-4 wp-block-columns-is-layout-flex\">\n<div class=\"wp-block-column is-vertically-aligned-stretch is-layout-flow wp-block-column-is-layout-flow\" style=\"padding-right:0;flex-basis:60%\">\n<div class=\"wp-block-group is-vertical is-content-justification-stretch is-layout-flex wp-container-core-group-is-layout-5 wp-block-group-is-layout-flex\" style=\"min-height:100%\">\n<figure class=\"wp-block-image size-full is-style-rounded is-style-rounded--2\"><img width=\"749\" height=\"676\"  alt=\"\" class=\"wp-image-245 lws-optimize-lazyload\" style=\"aspect-ratio:9\/16;object-fit:cover\"\/ data-src=\"https:\/\/cultur-moderne.com\/wp-content\/uploads\/2025\/06\/artisanat-laser-2.jpg\" srcset=\"https:\/\/cultur-moderne.com\/wp-content\/uploads\/2025\/06\/artisanat-laser-2.jpg 749w, https:\/\/cultur-moderne.com\/wp-content\/uploads\/2025\/06\/artisanat-laser-2-300x271.jpg 300w\" sizes=\"(max-width: 749px) 100vw, 749px\" \/><figcaption class=\"wp-element-caption\">Laser cutter craft on plywood sheet<\/figcaption><\/figure>\n\n\n\n<p class=\"has-medium-font-size\">1. \u00c0 travers \u00c9tudes, nous aspirons \u00e0 red\u00e9finir les limites de la cr\u00e9ation et \u00e0 inaugurer une nouvelle \u00e8re d\u2019excellence en mati\u00e8re de la d\u00e9coupe du m\u00e9tal qui laissera une empreinte.<\/p>\n<\/div>\n<\/div>\n\n\n\n<div class=\"wp-block-column is-layout-flow wp-block-column-is-layout-flow\" style=\"flex-basis:40%\">\n<div class=\"wp-block-group has-global-padding is-layout-constrained wp-block-group-is-layout-constrained\">\n<p class=\"has-large-font-size\" style=\"font-style:normal;font-weight:500;line-height:1.2\">Notre gamme compl\u00e8te de services professionnels s\u2019adresse \u00e0 une client\u00e8le diversifi\u00e9e, allant des propri\u00e9taires aux professionnels, et entreprises. Avec un engagement envers l\u2019innovation et la durabilit\u00e9, \u00c9tudes est le pont qui transforme les r\u00eaves de cr\u00e9ation en r\u00e9alisations remarquables.<\/p>\n\n\n\n<div style=\"height:var(--wp--preset--spacing--40)\" aria-hidden=\"true\" class=\"wp-block-spacer\"><\/div>\n\n\n\n<div class=\"wp-block-group is-layout-flow wp-block-group-is-layout-flow\">\n<p class=\"has-medium-font-size\">2. Personnalisation possible sur toutes vos demandes.<\/p>\n\n\n\n<figure class=\"wp-block-image size-large is-style-rounded is-style-rounded--3\"><img width=\"768\" height=\"1024\"  alt=\"\" class=\"wp-image-246 lws-optimize-lazyload\" style=\"aspect-ratio:9\/16;object-fit:cover\"\/ data-src=\"https:\/\/cultur-moderne.com\/wp-content\/uploads\/2025\/06\/escalier-decoupe-plasma-768x1024.jpg\" srcset=\"https:\/\/cultur-moderne.com\/wp-content\/uploads\/2025\/06\/escalier-decoupe-plasma-768x1024.jpg 768w, https:\/\/cultur-moderne.com\/wp-content\/uploads\/2025\/06\/escalier-decoupe-plasma-225x300.jpg 225w, https:\/\/cultur-moderne.com\/wp-content\/uploads\/2025\/06\/escalier-decoupe-plasma.jpg 1024w\" sizes=\"(max-width: 768px) 100vw, 768px\" \/><\/figure>\n<\/div>\n<\/div>\n<\/div>\n<\/div>\n<\/div>\n","protected":false},"excerpt":{"rendered":"<p>D\u00e9coupe Plasma D\u00e9coupe Plasma \u2013 Pr\u00e9cision et performance sur m\u00e9tal Chez Cultur Moderne du Richelais, nous mettons la technologie de d\u00e9coupe plasma au service de vos projets m\u00e9talliques, avec une pr\u00e9cision in\u00e9gal\u00e9e et une grande libert\u00e9 de cr\u00e9ation. Situ\u00e9 \u00e0 Faye-la-Vineuse (Indre-et-Loire), notre atelier est \u00e9quip\u00e9 pour r\u00e9aliser des d\u00e9coupes sur mesure dans l\u2019acier, l\u2019inox, [&hellip;]<\/p>\n","protected":false},"author":1,"featured_media":0,"parent":0,"menu_order":0,"comment_status":"closed","ping_status":"closed","template":"","meta":{"footnotes":""},"class_list":["post-26","page","type-page","status-publish","hentry"],"_links":{"self":[{"href":"https:\/\/cultur-moderne.com\/index.php?rest_route=\/wp\/v2\/pages\/26","targetHints":{"allow":["GET"]}}],"collection":[{"href":"https:\/\/cultur-moderne.com\/index.php?rest_route=\/wp\/v2\/pages"}],"about":[{"href":"https:\/\/cultur-moderne.com\/index.php?rest_route=\/wp\/v2\/types\/page"}],"author":[{"embeddable":true,"href":"https:\/\/cultur-moderne.com\/index.php?rest_route=\/wp\/v2\/users\/1"}],"replies":[{"embeddable":true,"href":"https:\/\/cultur-moderne.com\/index.php?rest_route=%2Fwp%2Fv2%2Fcomments&post=26"}],"version-history":[{"count":5,"href":"https:\/\/cultur-moderne.com\/index.php?rest_route=\/wp\/v2\/pages\/26\/revisions"}],"predecessor-version":[{"id":290,"href":"https:\/\/cultur-moderne.com\/index.php?rest_route=\/wp\/v2\/pages\/26\/revisions\/290"}],"wp:attachment":[{"href":"https:\/\/cultur-moderne.com\/index.php?rest_route=%2Fwp%2Fv2%2Fmedia&parent=26"}],"curies":[{"name":"wp","href":"https:\/\/api.w.org\/{rel}","templated":true}]}}